er when 130863 is divided by 130701?
162
Calculate the remainder when 1231120 is divided by 1096.
312
Calculate the remainder when 19386388 is divided by 2605.
2583
Calculate the remainder when 87051 is divided by 937.
847
Calculate the remainder when 34842267 is divided by 1735.
1732
Calculate the remainder when 10295209 is divided by 9275.
9234
Calculate the remainder when 125812 is divided by 760.
412
Calculate the remainder when 162481215 is divided by 149.
142
What is the remainder when 31355213 is divided by 847438?
7
Calculate the remainder when 380570 is divided by 1413.
473
What is the remainder when 138334 is divided by 11526?
22
What is the remainder when 81819912 is divided by 328594?
6
What is the remainder when 12955596 is divided by 184?
156
Calculate the remainder when 1241620 is divided by 1288.
1276
Calculate the remainder when 411732 is divided by 205859.
14
Calculate the remainder when 18086875 is divided by 358.
357
Calculate the remainder when 34269 is divided by 3094.
235
What is the remainder when 9037735 is divided by 117?
70
What is the remainder when 27277 is divided by 13579?
119
What is the remainder when 339986 is divided by 169954?
78
Calculate the remainder when 3010788 is divided by 1505247.
294
What is the remainder when 9248075 is divided by 12?
11
What is the remainder when 219179 is divided by 72409?
1952
Calculate the remainder when 5183277 is divided by 190.
77
What is the remainder when 401359 is divided by 26756?
19
Calculate the remainder when 19326805 is divided by 177.
175
Calculate the remainder when 19867676 is divided by 80.
76
What is the remainder when 81913 is divided by 1591?
772
Calculate the remainder when 91679690 is divided by 946.
938
Calculate the remainder when 3357603 is divided by 1119196.
15
Calculate the remainder when 397919 is divided by 3209.
3
Calculate the remainder when 2141613 is divided by 6899.
2923
What is the remainder when 31835848 is divided by 149?
61
Calculate the remainder when 38108 is divided by 12201.
1505
What is the remainder when 1460291 is divided by 418?
217
What is the remainder when 2115022 is divided by 23500?
22
What is the remainder when 193626168 is divided by 1225482?
12
What is the remainder when 181370 is divided by 6607?
2981
Calculate the remainder when 16706174 is divided by 350.
324
Calculate the remainder when 1505516 is divided by 100363.
71
What is the remainder when 8079877 is divided by 35283?
70
What is the remainder when 121890055 is divided by 20?
15
Calculate the remainder when 239076 is divided by 47797.
91
What is the remainder when 20547885 is divided by 64212?
45
What is the remainder when 492515 is divided by 98499?
20
What is the remainder when 546234 is divided by 995?
974
Calculate the remainder when 415735 is divided by 138572.
19
What is the remainder when 1513956 is divided by 756975?
6
What is the remainder when 1472301 is divided by 1296?
45
Calculate the remainder when 352559 is divided by 1873.
435
Calculate the remainder when 1642201809 is divided by 7719.
7716
What is the remainder when 129551 is divided by 23?
15
Calculate the remainder when 58809781 is divided by 241.
238
What is the remainder when 2077645 is divided by 11?
9
What is the remainder when 9292239 is divided by 4535?
24
Calculate the remainder when 20318345 is divided by 239.
238
What is the remainder when 19255 is divided by 447?
34
What is the remainder when 4289528 is divided by 3262?
3260
What is the remainder when 856897 is divided by 428447?
3
Calculate the remainder when 59707 is divided by 29513.
681
Calculate the remainder when 5663338 is divided by 99.
43
What is the remainder when 51580103 is divided by 6975?
6953
What is the remainder when 24829 is divided by 82?
65
Calculate the remainder when 1023771 is divided by 1965.
6
Calculate the remainder when 3994162 is divided by 1850.
12
What is the remainder when 411150 is divided by 96?
78
Calculate the remainder when 44433302 is divided by 22216591.
120
What is the remainder when 52515369 is divided by 9092?
9069
What is the remainder when 4322751 is divided by 2161229?
293
Calculate the remainder when 125236 is divided by 153.
82
What is the remainder when 24893 is divided by 24729?
164
What is the remainder when 2846688 is divided by 4483?
4466
Calculate the remainder when 157743 is divided by 6858.
9
Calculate the remainder when 1346788 is divided by 185.
173
Calculate the remainder when 578221 is divided by 22201.
995
Calculate the remainder when 1959401 is divided by 335.
321
What is the remainder when 688256771 is divided by 5224?
5219
What is the remainder when 1314293 is divided by 361?
253
Calculate the remainder when 26577 is divided by 2359.
628
Calculate the remainder when 932221507 is divided by 2090.
2087
Calculate the remainder when 37131057 is divided by 38240.
17
What is the remainder when 25417622 is divided by 43?
21
Calculate the remainder when 4693346 is divided by 991.
961
What is the remainder when 180599246 is divided by 11?
3
Calculate the remainder when 2649000 is divided by 172.
28
Calculate the remainder when 11838141 is divided by 182125.
16
Calculate the remainder when 7302837 is divided by 8187.
33
Calculate the remainder when 256435 is divided by 378.
151
What is the remainder when 2471912 is divided by 845?
287
Calculate the remainder when 21937186 is divided by 10860.
10846
What is the remainder when 3323458 is divided by 5074?
5062
What is the remainder when 2441684 is divided by 203473?
8
Calculate the remainder when 71427 is divided by 1120.
867
Calculate the remainder when 6264863 is divided by 569533.
0
Calculate the remainder when 3963137 is divided by 2758.
2649
What is the remainder when 1426921 is divided by 237744?
457
What is the remainder when 5343188 is divided by 93740?
8
Calculate the remainder when 5991580 is divided by 11589.
67
Calculate the remainder when 405317 is divided by 81037.
132
What is the remainder when 367855 is divided by 6257?
4949
What is the remainder when 221940 is divided by 263?
231
Calculate the remainder when 94717 is divided by 250.
217
Calculate the remainder when 60718 is divided by 20.
18
What is the remainder when 20258950 is divided by 70835?
140
Calculate the remainder when 32835987 is divided by 74968.
3
What is the remainder when 14235660 is divided by 1162?
1160
Calculate the remainder when 5117676 is divided by 4.
0
Calculate the remainder when 1088326 is divided by 4859.
4769
What is the remainder when 3557928 is divided by 64?
40
What is the remainder when 7858586 is divided by 8441?
15
Calculate the remainder when 24730653 is divided by 8243527.
72
Calculate the remainder when 1939914 is divided by 1754.
1744
What is the remainder when 943938 is divided by 11?
6
What is the remainder when 4215 is divided by 1326?
237
Calculate the remainder when 31439911 is divided by 807.
805
What is the remainder when 113397043 is divided by 27?
13
Calculate the remainder when 1192702 is divided by 2025.
2002
Calculate the remainder when 103989 is divided by 2039.
0
What is the remainder when 1106549 is divided by 1508?
1185
What is the remainder when 80294 is divided by 956?
946
What is the remainder when 44979 is divided by 43918?
1061
Calculate the remainder when 8331188 is divided by 333247.
13
Calculate the remainder when 13691274 is divided by 454.
450
Calculate the remainder when 9297928 is divided by 3099288.
64
Calculate the remainder when 507920 is divided by 48.
32
What is the remainder when 75742930 is divided by 1721?
1720
What is the remainder when 1195971 is divided by 714?
21
Calculate the remainder when 1819646 is divided by 431.
395
Calculate the remainder when 337472 is divided by 10452.
3008
What is the remainder when 97141 is divided by 52?
5
Calculate the remainder when 1628388 is divided by 49345.
3
What is the remainder when 1216533 is divided by 822?
795
Calculate the remainder when 4102562 is divided by 16.
2
What is the remainder when 202695 is divided by 821?
729
What is the remainder when 202110 is divided by 1093?
998
Calculate the remainder when 7688262 is divided by 36.
30
What is the remainder when 34282008 is divided by 12187?
12164
What is the remainder when 463172 is divided by 462415?